{"id":1811,"date":"2025-04-06T12:20:48","date_gmt":"2025-04-06T10:20:48","guid":{"rendered":"https:\/\/wettbewerb.wir-tun-was-fuer-bienen.de\/eintrag\/2025-gartenparadies-fuer-alle-04062810\/"},"modified":"2025-04-06T12:20:48","modified_gmt":"2025-04-06T10:20:48","slug":"2025-gartenparadies-fuer-alle-04062810","status":"publish","type":"bienen_entry","link":"https:\/\/wettbewerb-archiv.wir-tun-was-fuer-bienen.de\/archiv-2025\/eintrag\/2025-gartenparadies-fuer-alle-04062810\/","title":{"rendered":"Gartenparadies f\u00fcr alle"},"content":{"rendered":"<p>Im letzten Jahr habe ich einen ziemlich verwilderten Garten \u00fcbernommen. In diesem Jahr soll er mit zahlreichen Wildpflanzen, Platz f\u00fcr Insekten, Igel und Eidechsen werden<\/p>\n","protected":false},"author":58,"featured_media":1810,"template":"","meta":{"_acf_changed":false,"footnotes":""},"wettbewerb_category":[13],"wettbewerb_region":[27],"class_list":["post-1811","bienen_entry","type-bienen_entry","status-publish","has-post-thumbnail","hentry","wettbewerb_category-kleingartenparzellen","wettbewerb_region-bayern"],"acf":[],"mb":[],"mfb_rest_fields":["title"],"_links":{"self":[{"href":"https:\/\/wettbewerb-archiv.wir-tun-was-fuer-bienen.de\/archiv-2025\/wp-json\/wp\/v2\/bienen_entry\/1811","targetHints":{"allow":["GET"]}}],"collection":[{"href":"https:\/\/wettbewerb-archiv.wir-tun-was-fuer-bienen.de\/archiv-2025\/wp-json\/wp\/v2\/bienen_entry"}],"about":[{"href":"https:\/\/wettbewerb-archiv.wir-tun-was-fuer-bienen.de\/archiv-2025\/wp-json\/wp\/v2\/types\/bienen_entry"}],"author":[{"embeddable":true,"href":"https:\/\/wettbewerb-archiv.wir-tun-was-fuer-bienen.de\/archiv-2025\/wp-json\/wp\/v2\/users\/58"}],"version-history":[{"count":0,"href":"https:\/\/wettbewerb-archiv.wir-tun-was-fuer-bienen.de\/archiv-2025\/wp-json\/wp\/v2\/bienen_entry\/1811\/revisions"}],"wp:featuredmedia":[{"embeddable":true,"href":"https:\/\/wettbewerb-archiv.wir-tun-was-fuer-bienen.de\/archiv-2025\/wp-json\/wp\/v2\/media\/1810"}],"wp:attachment":[{"href":"https:\/\/wettbewerb-archiv.wir-tun-was-fuer-bienen.de\/archiv-2025\/wp-json\/wp\/v2\/media?parent=1811"}],"wp:term":[{"taxonomy":"wettbewerb_category","embeddable":true,"href":"https:\/\/wettbewerb-archiv.wir-tun-was-fuer-bienen.de\/archiv-2025\/wp-json\/wp\/v2\/wettbewerb_category?post=1811"},{"taxonomy":"wettbewerb_region","embeddable":true,"href":"https:\/\/wettbewerb-archiv.wir-tun-was-fuer-bienen.de\/archiv-2025\/wp-json\/wp\/v2\/wettbewerb_region?post=1811"}],"curies":[{"name":"wp","href":"https:\/\/api.w.org\/{rel}","templated":true}]}}

Gartenparadies für alle

<p>Im letzten Jahr habe ich einen ziemlich verwilderten Garten übernommen. In diesem Jahr soll er mit zahlreichen Wildpflanzen, Platz für Insekten, Igel und Eidechsen werden</p>
