{"id":2040,"date":"2025-04-09T21:07:17","date_gmt":"2025-04-09T19:07:17","guid":{"rendered":"https:\/\/wettbewerb.wir-tun-was-fuer-bienen.de\/eintrag\/2025-mein-minimalistischer-naturbalkon-04097050\/"},"modified":"2025-07-26T15:07:03","modified_gmt":"2025-07-26T13:07:03","slug":"2025-mein-minimalistischer-naturbalkon-04097050","status":"publish","type":"bienen_entry","link":"https:\/\/wettbewerb-archiv.wir-tun-was-fuer-bienen.de\/archiv-2025\/eintrag\/2025-mein-minimalistischer-naturbalkon-04097050\/","title":{"rendered":"Mein minimalistischer Naturbalkon"},"content":{"rendered":"<p>\u201eNothing in Nature blooms all year, I am patient\u201c<\/p>\n<p>Hallo!<\/p>\n<p>Mein Name ist Olivia. Ich balkong\u00e4rtnere auf einem <strong>10qm<\/strong> Balkon in Potsdam. Mein Naturbalkon befindet sich im 4.Stock, er hat S\u00fcd-West Ausrichtung.<br \/>\nNeben meinem Balkon befindet sich noch eine Art \u201eHalberBalkon\u201c,\u00a0 Zugang habe ich nur durch mein Wohnzimmerfenster.<br \/>\nIch nenne diese Fl\u00e4che <strong>Steingarten<\/strong>, die Steine waren schon da, als ich im Februar 2021 hier einzog. Der Steingarten hat eine Fl\u00e4che von ca. <strong>4,2qm.<\/strong><\/p>\n<p><strong><u>Meine Zukunftsvision:<\/u><\/strong> Ein nat\u00fcrliches Habitat f\u00fcr Schmetterlinge zu erschaffen. In allen Stadien der Entwicklung (Eiablage, Raupen, Verpuppung, ausgewachsener Falter, \u00dcberwinterung \ud83d\ude0a) sollen sich die Lebewesen auf meinem Balkon wohlf\u00fchlen und Strukturen und Pflanzen vorfinden, die ihnen Lebensraum bieten.<\/p>\n<p>Daf\u00fcr strukturiere ich meinen Balkon in 2025 um und w\u00e4hle meine Pflanzen bewusster auf die Bed\u00fcrfnisse von Schmetterlingen aus.<\/p>\n<p><strong><u>Warum ich meinen Naturbalkon als \u201eminimalistisch\u201c bezeichne:<\/u><\/strong><\/p>\n<p>Das <strong>\u201eWeniger ist mehr Konzept\u201c,<\/strong> bezogen auf meinen Balkon, bedeutet f\u00fcr mich:<br \/>\n<strong>1)<\/strong> Ich etabliere mehr Best\u00e4nde von Pflanzen der gleichen Art (Brennneseln, Knoblauchsrauke, Kapuzinerkresse), damit Raupen genug an Blattmasse vorfinden, um satt zu werden und Insekten genug Bl\u00fcten der gleichen Art vorfinden.<\/p>\n<p><strong>2)<\/strong> Ich fokussiere mich bei der Bepflanzung auf \u201eBasic-Pflanzen\u201c (z.Bsp. L\u00f6wenzahn, G\u00e4nsebl\u00fcmchen, Moose, Mauerpeffer).<\/p>\n<p><strong>3)<\/strong> Ich lasse viele T\u00f6pfe verwildern.<\/p>\n<p><strong><u>Meine Art zu balkong\u00e4rtnern:<\/u><\/strong><\/p>\n<p>Minimalistisch, Freestyle, nat\u00fcrlich, langsam, intuitiv und mit viel Liebe und Geduld\ud83d\ude0a<\/p>\n<p>Ich \u201eschleppe\u201c vieles von meinen Streifz\u00fcgen in der Natur mit an.<br \/>\nIch lasse viele T\u00f6pfe verwildern und \u00fcber die Jahre habe ich hier ein Moosparadies geschaffen, welches mir sehr viel Freude bereitet.<br \/>\nIch liebe Moose \ud83d\ude0a<\/p>\n<p>Eine andere Besonderheit meines Naturbalkons, sind die Geh\u00f6lze: ich lasse alle die mir der Wind her weht in den T\u00f6pfen wachsen oder pflanze die Baumbabys, die ich hier irgendwo auf der Fl\u00e4che finde, ein.<\/p>\n","protected":false},"author":26,"featured_media":2039,"template":"","meta":{"_acf_changed":false,"footnotes":""},"wettbewerb_category":[10],"wettbewerb_region":[31],"class_list":["post-2040","bienen_entry","type-bienen_entry","status-publish","has-post-thumbnail","hentry","wettbewerb_category-balkone-terrassen-dachbegruenung-vertikale-gaerten","wettbewerb_region-brandenburg"],"acf":[],"mb":[],"mfb_rest_fields":["title"],"_links":{"self":[{"href":"https:\/\/wettbewerb-archiv.wir-tun-was-fuer-bienen.de\/archiv-2025\/wp-json\/wp\/v2\/bienen_entry\/2040","targetHints":{"allow":["GET"]}}],"collection":[{"href":"https:\/\/wettbewerb-archiv.wir-tun-was-fuer-bienen.de\/archiv-2025\/wp-json\/wp\/v2\/bienen_entry"}],"about":[{"href":"https:\/\/wettbewerb-archiv.wir-tun-was-fuer-bienen.de\/archiv-2025\/wp-json\/wp\/v2\/types\/bienen_entry"}],"author":[{"embeddable":true,"href":"https:\/\/wettbewerb-archiv.wir-tun-was-fuer-bienen.de\/archiv-2025\/wp-json\/wp\/v2\/users\/26"}],"version-history":[{"count":3,"href":"https:\/\/wettbewerb-archiv.wir-tun-was-fuer-bienen.de\/archiv-2025\/wp-json\/wp\/v2\/bienen_entry\/2040\/revisions"}],"predecessor-version":[{"id":11998,"href":"https:\/\/wettbewerb-archiv.wir-tun-was-fuer-bienen.de\/archiv-2025\/wp-json\/wp\/v2\/bienen_entry\/2040\/revisions\/11998"}],"wp:featuredmedia":[{"embeddable":true,"href":"https:\/\/wettbewerb-archiv.wir-tun-was-fuer-bienen.de\/archiv-2025\/wp-json\/wp\/v2\/media\/2039"}],"wp:attachment":[{"href":"https:\/\/wettbewerb-archiv.wir-tun-was-fuer-bienen.de\/archiv-2025\/wp-json\/wp\/v2\/media?parent=2040"}],"wp:term":[{"taxonomy":"wettbewerb_category","embeddable":true,"href":"https:\/\/wettbewerb-archiv.wir-tun-was-fuer-bienen.de\/archiv-2025\/wp-json\/wp\/v2\/wettbewerb_category?post=2040"},{"taxonomy":"wettbewerb_region","embeddable":true,"href":"https:\/\/wettbewerb-archiv.wir-tun-was-fuer-bienen.de\/archiv-2025\/wp-json\/wp\/v2\/wettbewerb_region?post=2040"}],"curies":[{"name":"wp","href":"https:\/\/api.w.org\/{rel}","templated":true}]}}

<p>„Nothing in Nature blooms all year, I am patient“</p>
<p>Hallo!</p>
<p>Mein Name ist Olivia. Ich balkongärtnere auf einem <strong>10qm</strong> Balkon in Potsdam. Mein Naturbalkon befindet sich im 4.Stock, er hat Süd-West Ausrichtung.<br />
Neben meinem Balkon befindet sich noch eine Art „HalberBalkon“,  Zugang habe ich nur durch mein Wohnzimmerfenster.<br />
Ich nenne diese Fläche <strong>Steingarten</strong>, die Steine waren schon da, als ich im Februar 2021 hier einzog. Der Steingarten hat eine Fläche von ca. <strong>4,2qm.</strong></p>
<p><strong><u>Meine Zukunftsvision:</u></strong> Ein natürliches Habitat für Schmetterlinge zu erschaffen. In allen Stadien der Entwicklung (Eiablage, Raupen, Verpuppung, ausgewachsener Falter, Überwinterung 😊) sollen sich die Lebewesen auf meinem Balkon wohlfühlen und Strukturen und Pflanzen vorfinden, die ihnen Lebensraum bieten.</p>
<p>Dafür strukturiere ich meinen Balkon in 2025 um und wähle meine Pflanzen bewusster auf die Bedürfnisse von Schmetterlingen aus.</p>
<p><strong><u>Warum ich meinen Naturbalkon als „minimalistisch“ bezeichne:</u></strong></p>
<p>Das <strong>„Weniger ist mehr Konzept“,</strong> bezogen auf meinen Balkon, bedeutet für mich:<br />
<strong>1)</strong> Ich etabliere mehr Bestände von Pflanzen der gleichen Art (Brennneseln, Knoblauchsrauke, Kapuzinerkresse), damit Raupen genug an Blattmasse vorfinden, um satt zu werden und Insekten genug Blüten der gleichen Art vorfinden.</p>
<p><strong>2)</strong> Ich fokussiere mich bei der Bepflanzung auf „Basic-Pflanzen“ (z.Bsp. Löwenzahn, Gänseblümchen, Moose, Mauerpeffer).</p>
<p><strong>3)</strong> Ich lasse viele Töpfe verwildern.</p>
<p><strong><u>Meine Art zu balkongärtnern:</u></strong></p>
<p>Minimalistisch, Freestyle, natürlich, langsam, intuitiv und mit viel Liebe und Geduld😊</p>
<p>Ich „schleppe“ vieles von meinen Streifzügen in der Natur mit an.<br />
Ich lasse viele Töpfe verwildern und über die Jahre habe ich hier ein Moosparadies geschaffen, welches mir sehr viel Freude bereitet.<br />
Ich liebe Moose 😊</p>
<p>Eine andere Besonderheit meines Naturbalkons, sind die Gehölze: ich lasse alle die mir der Wind her weht in den Töpfen wachsen oder pflanze die Baumbabys, die ich hier irgendwo auf der Fläche finde, ein.</p>
